79 a multiple of 23?
False
Is 68 a factor of 340?
True
Does 42 divide 2095?
False
Does 6 divide 3766?
False
Is 19 a factor of 4769?
True
Is 150 a factor of 7951?
False
Is 28 a factor of 23884?
True
Is 21513 a multiple of 39?
False
Is 6 a factor of 45?
False
Is 17 a factor of 45475?
True
Is 2954 a multiple of 14?
True
Does 3 divide 2210?
False
Does 17 divide 2081?
False
Is 39 a factor of 936?
True
Is 21440 a multiple of 20?
True
Is 4 a factor of 15288?
True
Is 1483 a multiple of 36?
False
Is 15 a factor of 459?
False
Is 18 a factor of 6090?
False
Is 127329 a multiple of 32?
False
Does 140 divide 40880?
True
Is 69 a factor of 22021?
False
Is 33180 a multiple of 237?
True
Does 27 divide 41411?
False
Is 44952 a multiple of 36?
False
Does 13 divide 5615?
False
Is 1761 a multiple of 60?
False
Does 21 divide 11550?
True
Does 5 divide 1532?
False
Is 88894 a multiple of 338?
True
Is 2860 a multiple of 20?
True
Is 120 a multiple of 4?
True
Is 16942 a multiple of 183?
False
Is 40510 a multiple of 5?
True
Does 17 divide 4622?
False
Does 14 divide 7579?
False
Does 45 divide 12820?
False
Is 126 a multiple of 21?
True
Is 30 a factor of 7710?
True
Does 37 divide 2307?
False
Is 8 a factor of 654?
False
Is 5 a factor of 4105?
True
Is 323 a multiple of 22?
False
Is 1566 a multiple of 27?
True
Is 707 a multiple of 101?
True
Does 89 divide 23763?
True
Is 22 a factor of 330?
True
Does 3 divide 2307?
True
Is 2944 a multiple of 64?
True
Does 185 divide 12210?
True
Is 28 a factor of 2268?
True
Is 15 a factor of 289?
False
Is 19 a factor of 14431?
False
Is 12 a factor of 132?
True
Is 40 a factor of 9638?
False
Is 40 a factor of 6777?
False
Is 475 a multiple of 19?
True
Is 65 a factor of 11765?
True
Is 7347 a multiple of 49?
False
Does 29 divide 3872?
False
Is 11 a factor of 17709?
False
Is 18607 a multiple of 27?
False
Does 14 divide 6804?
True
Is 28 a factor of 2031?
False
Does 16 divide 5184?
True
Does 25 divide 75?
True
Does 24 divide 2496?
True
Is 85 a factor of 5068?
False
Is 10640 a multiple of 20?
True
Does 51 divide 13413?
True
Is 203 a multiple of 31?
False
Is 50 a factor of 6450?
True
Is 250 a multiple of 5?
True
Is 2760 a multiple of 17?
False
Is 89 a factor of 8099?
True
Is 12 a factor of 86?
False
Is 76 a factor of 836?
True
Does 12 divide 48?
True
Is 62 a factor of 1364?
True
Is 23 a factor of 8756?
False
Is 144 a multiple of 32?
False
Is 78 a factor of 1170?
True
Is 5083 a multiple of 13?
True
Is 17040 a multiple of 120?
True
Is 7830 a multiple of 30?
True
Does 13 divide 7008?
False
Is 10 a factor of 225?
False
Does 119 divide 703?
False
Does 5 divide 61250?
True
Is 19 a factor of 57?
True
Does 32 divide 288?
True
Is 13030 a multiple of 32?
False
Is 6699 a multiple of 87?
True
Is 187 a factor of 33474?
False
Is 77 a factor of 21312?
False
Is 6 a factor of 700?
False
Is 8 a factor of 49687?
False
Is 781 a multiple of 41?
False
Does 18 divide 252?
True
Does 21 divide 630?
True
Does 96 divide 2304?
True
Is 13 a factor of 206?
False
Is 9 a multiple of 5?
False
Is 19416 a multiple of 3?
True
Is 963 a multiple of 2?
False
Does 6 divide 991?
False
Is 10276 a multiple of 18?
False
Does 8 divide 584?
True
Is 208 a multiple of 7?
False
Is 86 even?
True
Does 139 divide 2224?
True
Is 5 a factor of 14709?
False
Is 6276 a multiple of 60?
False
Is 8840 a multiple of 13?
True
Is 1440 a multiple of 36?
True
Is 434 a multiple of 11?
False
Is 5532 a multiple of 136?
False
Does 14 divide 41?
False
Is 10 a factor of 200?
True
Does 11 divide 39177?
False
Does 55 divide 1870?
True
Does 58 divide 114446?
False
Is 133 a factor of 2232?
False
Is 88 a multiple of 10?
False
Is 19 a factor of 730?
False
Is 8 a factor of 672?
True
Does 31 divide 7713?
False
Is 14328 a multiple of 199?
True
Is 109 a factor of 5895?
False
Is 24279 a multiple of 10?
False
Is 6304 a multiple of 32?
True
Is 77 a factor of 17787?
True
Does 2 divide 572?
True
Is 19 a factor of 209?
True
Is 23 a factor of 35374?
True
Is 11 a factor of 2387?
True
Does 59 divide 354?
True
Does 17 divide 56717?
False
Does 14 divide 8386?
True
Does 12 divide 2650?
False
Is 19 a factor of 874?
True
Is 24 a factor of 6720?
True
Does 40 divide 1315?
False
Does 5 divide 1546?
False
Does 9 divide 2349?
True
Is 17 a factor of 97342?
True
Is 2057 a multiple of 11?
True
Does 7 divide 2261?
True
Is 161 a multiple of 74?
False
Is 2296 a multiple of 82?
True
Does 7 divide 441?
True
Does 9 divide 10332?
True
Does 241 divide 5784?
True
Is 40 a factor of 4680?
True
Does 27 divide 607?
False
Does 37 divide 1369?
True
Is 13961 a multiple of 23?
True
Does 100 divide 7400?
True
Is 411 a factor of 61314?
False
Is 1060 a multiple of 53?
True
Does 8 divide 7960?
True
Does 11 divide 4142?
False
Is 32596 a multiple of 131?
False
Is 6 a factor of 6006?
True
Is 91 a factor of 637?
True
Does 12 divide 293?
False
Is 1463 a multiple of 77?
True
Is 30 a factor of 240?
True
Does 121 divide 620?
False
Is 34 a factor of 476?
True
Is 38 a factor of 133?
False
Is 10566 a multiple of 9?
True
Is 3841 a multiple of 23?
True
Is 499 a multiple of 3?
False
Is 20624 a multiple of 16?
True
Is 300 a multiple of 4?
True
Does 4 divide 1710?
False
Is 34944 a multiple of 119?
False
Is 20269 a multiple of 160?
False
Does 5 divide 822?
False
Does 15 divide 60165?
True
Is 57 a factor of 6384?
True
Is 1444 a multiple of 38?
True
Is 1612 a multiple of 35?
False
Is 8 a factor of 498?
False
Does 23 divide 4670?
False
Does 117 divide 25740?
True
Is 18 a factor of 2430?
True
Is 10325 a multiple of 16?
False
Is 1210 a multiple of 49?
False
Is 8436 a multiple of 38?
True
Does 3 divide 5644?
False
Does 69 divide 1656?
True
Is 9 a factor of 21069?
True
Does 10 divide 7463?
False
Is 33 a factor of 1056?
True
Is 29488 a multiple of 141?
False
Is 2056 a multiple of 4?
True
Is 34290 a multiple of 18?
True
Is 3310 a multiple of 34?
False
Does 13 divide 4104?
False
Does 134 divide 5494?
True
Does 172 divide 3967?
False
Is 1952 a multiple of 16?
True
Does 162 divide 76464?
True
Is 179 a multiple of 5?
False
Is 38 a factor of 47582?
False
Is 334 a multiple of 7?
False
Is 47 a factor of 1624?
False
Is 11 a factor of 19422?
False
Does 16 divide 5648?
True
Does 89 divide 35778?
True
Is 35 a factor of 24535?
True
Does 23 divide 496?
False
Does 9 divide 5535?
True
Is 1006 a multiple of 22?
False
Is 54 a factor of 1030?
False
Is 10 a factor of 410?
True
Does 2 divide 8?
True
Is 840 a multiple of 15?
True
Does 18 divide 3297?
False
Is 62675 a multiple of 16?
False
Does 37 divide 407?
True
Is 511 a multiple of 17?
False
Is 19044 a multiple of 12?
True
Is 300 a multiple of 4?
True
Does 13 divide 477?
False
Is 824 a multiple of 16?
False
Is 120 a factor of 32760?
True
Does 13 divide 113?
False
Does 8 divide 11301?
False
Is 54 a factor of 583?
False
Is 69 a multiple of 14?
False
Is 25 a factor of 5225?
True
Is 736 a multiple of 8?
True
Is 1407 a multiple of 50?
False
Is 6 a factor of 67062?
True
Is 103 a factor of 3880?
False
Is 1245 a multiple of 21?
False
Is 12 a factor of 27323?
False
Is 1551 a multiple of 11?
True
Is 6531 a multiple of 16?
False
Is 51 a factor of 3885?
False
Does 11 divide 572?
True
Does 139 divide 10052?
False
Is 66 a multiple of 6?
True
Is 7 a factor of 192?
False
Does 33 divide 264?
True
Does 5 divide 895?
True
Is 51 a factor of 6783?
True
Is 40 a factor of 19200?
True
Is 150 a multiple of 46?
False
Is 483 a multiple of 21?
True
Is 209 a factor of 3899?
False
Is 22 a factor of 330?
True
Is 7329 a multiple of 5?
False
Does 14 divide 378?
True
Is 29 a factor of 2563?
False
Is 420 a multiple of 14?
True
Is 18 a factor of 936?
True
Is 49 a factor of 1519?
True
Is 740 a multiple of 20?
True
Is 16397 a multiple of 19?
True
Does 68 divide 1205?
False
Does 14 divide 20342?
True
Is 1065 a multiple of 14?
False
Does 13 divide 35?
False
Is 790 a multiple of 79?
True
Is 446 a multiple of 2?
True
Does 3 divide 59?
False
Is 9 a factor of 12564?
True
Does 13 divide 923?
True
Does 114 divide 3534?
True
Is 19259 a multiple of 32?
False
Does 4 divide 152?
True
Is 1076 a multiple of 3?
False
Is 240 a multiple of 6?
True
Is 1470 a multiple of 5?
True
Is 91 a multiple of 43?
False
Is 11554 a multiple of 218?
True
Does 5 divide 554?
False
Does 64 divide 56448?
True
Is 35 a factor of 175?
True
Is 14 